2*a + 124 = -5*v + a, 3*v + 2*a = -73. Suppose 159 = 4*y - 3*h, 7*y - 123 = 4*y + 3*h. Let u = y + v. List the prime factors of u.
11
Let j(a) = -a**3 + 9*a**2 + a - 4. Let k be j(9). Let o = k - -4. Let t = o - 0. List the prime factors of t.
3
Suppose 2*q - 2*a - 3651 = -7*a, -3*q + 5445 = -3*a. Suppose q = 37*b - 31*b. List the prime factors of b.
3, 101
Suppose 0 = -6*m - 78 - 12. Let q(n) = -n**2 - 19*n - 1. Let y be q(-15). Let u = m + y. List the prime factors of u.
2, 11
Let a be 17 - (-2 - -5 - 3). Let z = a + 55. List the prime factors of z.
2, 3
Suppose -5*n + 5 = 0, 2*n - 518 = -2*k - 2*n. Suppose -2*y = 3*p + 2*p - k, 5*y = 4*p + 560. List the prime factors of y.
2, 29
List the prime factors of 1 + 13830/14 + 4/28.
23, 43
Let m = -86 - -138. What are the prime factors of m?
2, 13
Let t(h) = 3*h**2 - 3*h**2 - 18 + 6*h - 6*h**2 + h**3. List the prime factors of t(8).
2, 79
Suppose 7*i = 11*i - 1092. Suppose -4*d + i + 135 = 0. What are the prime factors of d?
2, 3, 17
Suppose -11*w + 12*w - 3 = 0. Suppose -158 = w*s - 0*k + 2*k, -3*k - 262 = 5*s. Let l = s - -98. What are the prime factors of l?
2, 3
Suppose 3*y - 3*c - 477 = 0, 2*c + 2*c = -y + 179. What are the prime factors of y?
163
Suppose -2*x + 2297 + 1537 = 0. List the prime factors of x.
3, 71
Let j be (-4)/(-14) + (-120)/(-21). Let q be (-273)/14*(-40)/j. Suppose 13*o - 8*o = q. List the prime factors of o.
2, 13
Let i be 9/((-63)/(-2)) - (-432)/7. Suppose 117 + i = q. List the prime factors of q.
179
Suppose -2*p = p - 9. Suppose u - 48 = p*u. Let i = -11 - u. What are the prime factors of i?
13
List the prime factors of (-2138)/(-6) - ((-78)/(-18) - 4).
2, 89
Suppose 0 = 3*x - v - 826, v - 3*v = 8. What are the prime factors of x?
2, 137
Let t be (28 - (0 - 3)) + 2. Suppose -5*m - 24 = -2*q + t, q - m - 33 = 0. Suppose 4*r = 184 - q. What are the prime factors of r?
37
Let m(y) = 32*y**2 + 5*y - 30. What are the prime factors of m(4)?
2, 251
Let d(b) = -2*b**3 - 7*b**2 + 0*b + 2*b + 3*b**3 - 4 - 6. Let l be d(8). Suppose 0 = -4*a + 62 + l. What are the prime factors of a?
3, 11
Suppose 6*p - 9*p = -b, 0 = 5*b - 4*p. What are the prime factors of b - -222 - (2 + 2)?
2, 109
Suppose m - 5*v + 8*v = 83, 5*m + v - 429 = 0. Let x = -4 + m. List the prime factors of x.
2, 41
Let h = -1199 + 2413. List the prime factors of h.
2, 607
Let z(i) = 41*i + 105. List the prime factors of z(30).
3, 5, 89
Suppose -i + 0*i + 10 = 0. Suppose -2*r - 18 - i = 0. Let u = r - -32. What are the prime factors of u?
2, 3
Let x(n) = n - 44*n + 4*n**2 + 15 - 3*n. What are the prime factors of x(14)?
5, 31
Let a = -66 - -56. What are the prime factors of ((-384)/a)/(5*3/75)?
2, 3
What are the prime factors of 51825/90 + (-15)/18?
5, 23
List the prime factors of ((-13986)/(-10))/1 - (-21)/(-35).
2, 3, 233
Suppose 4*b - 1931 = 5*j, -b + 480 = -0*b - 4*j. List the prime factors of b.
2, 11
Let v(o) = -7*o**2 - 5*o + 14. Let p(w) = -8*w**2 - 6*w + 13. Let f(b) = -6*p(b) + 7*v(b). Let l be f(10). What are the prime factors of (l/(-6) + -1)*3?
2
Let o = 41 - 92. Let a = 63 + o. List the prime factors of a.
2, 3
Let k(i) = 233*i**2 + 22*i + 73. List the prime factors of k(-3).
2, 263
Let d(t) = 56*t**2 - 8*t - 56. What are the prime factors of d(-7)?
2, 7
Let d(l) = -13*l - 10. Let i be ((-40)/(-16))/((-2)/4). List the prime factors of d(i).
5, 11
Suppose -4*f + 2*r = -3636, -2727 = -10*f + 7*f - 5*r. List the prime factors of f.
3, 101
Let m = 1614 - 720. What are the prime factors of m?
2, 3, 149
Let q be 2/(-4) - 4/8. List the prime factors of (-14)/(2*(2 + -1))*q.
7
Let y = -15 - -13. Let l(d) = 5*d + 2. Let v be l(y). Let z = v + 17. What are the prime factors of z?
3
Let h(v) = -4 - 4 - 2 - 38*v + 4. Let a be h(-3). Suppose 0 = -5*f - 13 + a. What are the prime factors of f?
19
Suppose 12*s - 1546 = 134. Suppose -4*l - 3*v + s = -9, -3*l = -2*v - 133. What are the prime factors of l?
41
Let r(q) = q + 17. Let x be r(-15). Suppose p + 5*j - 59 = -0*j, x*p = -2*j + 102. What are the prime factors of p?
7
Let i be 4/(-3)*(-1230)/20. Let h = -42 + i. Let y = h - 26. List the prime factors of y.
2, 7
Let s be 10/(-25) + (-54)/(-10). Suppose 0 = n + n + c - 6, 2*n + 10 = -s*c. What are the prime factors of n*30/125*35?
2, 3, 7
Suppose -29*z = -z - 83384. What are the prime factors of z?
2, 1489
Suppose 0 = -15*m + 11*m + 8. Suppose -79 + 361 = m*v. What are the prime factors of v?
3, 47
Suppose 18*i + 5838 = 24*i. What are the prime factors of i?
7, 139
Let z(l) = l + 10. Let b(s) = 2*s + 11. Let a be b(-9). Let x be z(a). Suppose -3*y + x*p + 27 = 2*p, 0 = 2*y + 4*p - 4. What are the prime factors of y?
2
Let u be 7/1 + ((-204)/12 - -12). Suppose -4*f + 4 + 14 = -2*a, -11 = -3*f + a. Suppose -3 + 6 = -u*i + 3*t, -34 = -4*i - f*t. List the prime factors of i.
2, 3
Let c(g) = 3*g - 5. Let u = 14 + -24. Let s be (u*1)/(20/(-10)). What are the prime factors of c(s)?
2, 5
Let u(k) = 3*k**2 - 3*k - 4. Let i be u(-4). Let q = i - 7. What are the prime factors of q?
7
Let w be (54/(-4))/((-12)/16). Let d = -18 + w. Suppose -4*m + d*m = -100. List the prime factors of m.
5
Suppose -3*r + 4*n + 676 = 0, -3*r - 5*n = -0*r - 640. Let m = -33 + r. List the prime factors of m.
11, 17
Suppose 4 = 10*a - 36. Suppose -5*p - 292 = -8*p - 5*j, -8 = -4*j. Suppose -a*k = -6*k + p. What are the prime factors of k?
47
Let y be 2/4 - 53/(-2). Suppose 4*d - 117 = y. What are the prime factors of d?
2, 3
Suppose -2 = 3*i + 4. Let j be 15/9 - i/(-3). What are the prime factors of j/((-2)/(-42) + 0)?
3, 7
Let m(n) = -2*n**2 - 6*n - 3. Let z be m(-3). Let i(r) = -34*r - 2. What are the prime factors of i(z)?
2, 5
What are the prime factors of (-8 - -4 - 14)*-231?
2, 3, 7, 11
Let h(p) = -p**3 - 2*p**2 + p - 3. Let j = -5 + 2. Let n be h(j). Let t(x) = 10*x - 1. List the prime factors of t(n).
29
Suppose -5*i = 2*x - 36, -2*x = 4*i + 22 - 54. Let b = x - 6. What are the prime factors of 6/4 + 47/b?
5
Suppose 15*q - 55999 = -14*q. What are the prime factors of q?
1931
Let j(m) be the first derivative of 19*m**3/3 - m**2/2 - 9*m - 8. Let x(c) be the first derivative of j(c). List the prime factors of x(1).
37
Suppose 3*d - s + 56 = 0, -42 = -0*d + 2*d + 4*s. Suppose -2*c + 31 = -2*i + c, -5*i + 5*c = 75. Let t = i - d. List the prime factors of t.
5
Let z = -12 - -15. Suppose 4*j - 203 = -z*f, -3*f = -0*j - 3*j + 168. List the prime factors of j.
53
Let h = 346 + 763. List the prime factors of h.
1109
Let r(d) be the first derivative of 4*d**3/3 + d**2/2 + 8*d + 4. List the prime factors of r(-4).
2, 17
Suppose 3*q = -d + 19 + 24, 4*d - 154 = -3*q. Suppose -p + 2*m + 58 - 6 = 0, p + m - d = 0. List the prime factors of p.
2, 3, 7
What are the prime factors of (-2)/(135590/(-45190) + 3)?
4519
Suppose -d = 4*v - 63, -5*v = 3*d - 7*v - 175. List the prime factors of d.
59
Let t be 5/1*(-4)/(-10). Suppose t*f + 1760 = -0*f. What are the prime factors of (2/(-5))/(8/f)?
2, 11
Let l(o) = -o**3 - 59*o**2 + 147*o + 23. What are the prime factors of l(-62)?
2441
Suppose 6*q - 2*q + 13 = -z, 29 = -2*z - 5*q. Let d be 2 + (1 + -3 - z). Let v = d - 12. List the prime factors of v.
5
List the prime factors of 54/((-2)/1)*1343/(-51).
3, 79
Let c(f) = f**2 + 2*f - 8. Let g be c(7). Suppose -2*k + g + 31 = 0. What are the prime factors of k?
43
Suppose 0 = -8*k - 7*k. Suppose k = 13*q - 0*q - 1794. What are the prime factors of q?
2, 3, 23
Let l(g) = 359*g**2 - 13*g + 44. List the prime factors of l(3).
2, 809
Suppose -40 = 5*w + 4*n, -8 + 2 = 4*w - 2*n. Let r(v) = v**3 + 5*v**2 - 3*v + 2. What are the prime factors of r(w)?
2, 3, 5
Suppose -3*k - 12 = 0, 2*h = 3*h - 5*k - 9. Let s = h + 30. List the prime factors of s.
19
Let v = 129 - 749. What are the prime factors of 2*(-3 - v/8)?
149
Suppose -16*p - 8 = -18*p. Suppose -258 = -5*q + 2*l - l, p*l = 5*q - 267. What are the prime factors of q?
3, 17
Let t be (-8)/6*(-3)/2. What are the prime factors of t/5 + 2165/25?
3, 29
Let g(i) = 15*i - 1. Let s be g(3). Let l = -20 + s. Suppose -l = 2*b - 3*b. List the prime factors of b.
2, 3
Let t(q) = 30*q**2 - 14*q - 25. What are the prime factors of t(-6)?
17, 67
Suppose -r - 4*r = 3*k - 102, -8 = -2*k. Suppose 0 = 23*x - r*x - 95. List the prime factors